{"id":34,"date":"2023-02-03T18:14:58","date_gmt":"2023-02-03T18:14:58","guid":{"rendered":"https:\/\/demoxml.com\/wp\/vosio\/?page_id=34"},"modified":"2025-03-03T03:03:06","modified_gmt":"2025-03-03T00:03:06","slug":"home-11","status":"publish","type":"page","link":"https:\/\/yandu.com.tr\/","title":{"rendered":"home 11"},"content":{"rendered":"\t\t<div data-elementor-type=\"wp-page\" data-elementor-id=\"34\" class=\"elementor elementor-34\">\n\t\t\t\t\t\t<section class=\"elementor-section elementor-top-section elementor-element elementor-element-c0235fe elementor-section-full_width elementor-section-height-default elementor-section-height-default\" data-id=\"c0235fe\" data-element_type=\"section\">\n\t\t\t\t\t\t<div class=\"elementor-container elementor-column-gap-default\">\n\t\t\t\t\t<div class=\"elementor-column elementor-col-100 elementor-top-column elementor-element elementor-element-3d7b5da\" data-id=\"3d7b5da\" data-element_type=\"column\">\n\t\t\t<div class=\"elementor-widget-wrap elementor-element-populated\">\n\t\t\t\t\t\t<div class=\"elementor-element elementor-element-b3c6048 elementor-widget elementor-widget-vosio_our_project_v7\" data-id=\"b3c6048\" data-element_type=\"widget\" data-widget_type=\"vosio_our_project_v7.default\">\n\t\t\t\t<div class=\"elementor-widget-container\">\n\t\t\t\t\t\t\t\r\n    <!-- Banner Section -->\r\n    <section class=\"banner-eight\">\r\n        <div class=\"banner-container\">\r\n            <div class=\"banner-slider-outer\">\r\n                <div class=\"slider-box\">\r\n                    <div class=\"banner-slider-six\">                            \r\n                                                <!--Slide Item-->\r\n                        <div class=\"slide-item\">\r\n                            <div class=\"image-layer\"  style=\"background-image: url(https:\/\/yandu.com.tr\/wp-content\/uploads\/2023\/07\/esss.png);\"><\/div>\r\n                            <div class=\"auto-container\">\r\n                                <div class=\"content-box\">\r\n                                    <div class=\"content\">\r\n                                        <div class=\"clearfix\">\r\n                                            <div class=\"inner\">\r\n                                                <h4>ALI\u015eVER\u0130\u015e<\/h4>\r\n                                                <h1><span>ENZONES<\/span><\/h1>\r\n                                                                                                <div class=\"links-box clearfix\">\r\n                                                    <div class=\"link\"><a href=\"https:\/\/enzones.com\/\" class=\"theme-btn btn-style-one\"><span>Z\u0130YARET ET<i class=\"icon fa fa-arrow-right\"><\/i><\/span><\/a><\/div>\r\n                                                <\/div>\r\n                                                                                            <\/div>\r\n                                        <\/div>\r\n                                    <\/div>\r\n                                <\/div>\r\n                            <\/div>\r\n                        <\/div>\r\n                        <!--Slide Item-->\r\n                                                <!--Slide Item-->\r\n                        <div class=\"slide-item\">\r\n                            <div class=\"image-layer\"  style=\"background-image: url(https:\/\/yandu.com.tr\/wp-content\/uploads\/2023\/07\/essss.png);\"><\/div>\r\n                            <div class=\"auto-container\">\r\n                                <div class=\"content-box\">\r\n                                    <div class=\"content\">\r\n                                        <div class=\"clearfix\">\r\n                                            <div class=\"inner\">\r\n                                                <h4>HABER<\/h4>\r\n                                                <h1><span>OLAY YER\u0130NDEY\u0130M<\/span><\/h1>\r\n                                                                                                <div class=\"links-box clearfix\">\r\n                                                    <div class=\"link\"><a href=\"https:\/\/olayyerindeyim.com\/\" class=\"theme-btn btn-style-one\"><span>Z\u0130YARET ET<i class=\"icon fa fa-arrow-right\"><\/i><\/span><\/a><\/div>\r\n                                                <\/div>\r\n                                                                                            <\/div>\r\n                                        <\/div>\r\n                                    <\/div>\r\n                                <\/div>\r\n                            <\/div>\r\n                        <\/div>\r\n                        <!--Slide Item-->\r\n                                                <!--Slide Item-->\r\n                        <div class=\"slide-item\">\r\n                            <div class=\"image-layer\"  style=\"background-image: url(https:\/\/yandu.com.tr\/wp-content\/uploads\/2023\/07\/essseesssees.png);\"><\/div>\r\n                            <div class=\"auto-container\">\r\n                                <div class=\"content-box\">\r\n                                    <div class=\"content\">\r\n                                        <div class=\"clearfix\">\r\n                                            <div class=\"inner\">\r\n                                                <h4>NEWS<\/h4>\r\n                                                <h1><span>IMONTHESPOT<\/span><\/h1>\r\n                                                                                                <div class=\"links-box clearfix\">\r\n                                                    <div class=\"link\"><a href=\"https:\/\/imonthespot.com\" class=\"theme-btn btn-style-one\"><span>Z\u0130YARET ET<i class=\"icon fa fa-arrow-right\"><\/i><\/span><\/a><\/div>\r\n                                                <\/div>\r\n                                                                                            <\/div>\r\n                                        <\/div>\r\n                                    <\/div>\r\n                                <\/div>\r\n                            <\/div>\r\n                        <\/div>\r\n                        <!--Slide Item-->\r\n                                                <!--Slide Item-->\r\n                        <div class=\"slide-item\">\r\n                            <div class=\"image-layer\"  style=\"background-image: url(https:\/\/yandu.com.tr\/wp-content\/uploads\/2023\/07\/essse.png);\"><\/div>\r\n                            <div class=\"auto-container\">\r\n                                <div class=\"content-box\">\r\n                                    <div class=\"content\">\r\n                                        <div class=\"clearfix\">\r\n                                            <div class=\"inner\">\r\n                                                <h4>SATICI OL KAZANAN OL<\/h4>\r\n                                                <h1><span>SEN SAT SEN KAZAN<\/span><\/h1>\r\n                                                                                                <div class=\"links-box clearfix\">\r\n                                                    <div class=\"link\"><a href=\"https:\/\/sensatsenkazan.com\/\" class=\"theme-btn btn-style-one\"><span>Z\u0130YARET ET<i class=\"icon fa fa-arrow-right\"><\/i><\/span><\/a><\/div>\r\n                                                <\/div>\r\n                                                                                            <\/div>\r\n                                        <\/div>\r\n                                    <\/div>\r\n                                <\/div>\r\n                            <\/div>\r\n                        <\/div>\r\n                        <!--Slide Item-->\r\n                                                <!--Slide Item-->\r\n                        <div class=\"slide-item\">\r\n                            <div class=\"image-layer\"  style=\"background-image: url(https:\/\/yandu.com.tr\/wp-content\/uploads\/2023\/07\/esssees.png);\"><\/div>\r\n                            <div class=\"auto-container\">\r\n                                <div class=\"content-box\">\r\n                                    <div class=\"content\">\r\n                                        <div class=\"clearfix\">\r\n                                            <div class=\"inner\">\r\n                                                <h4>SELL &amp; WIN<\/h4>\r\n                                                <h1><span>YOU SELL YOU WIN<\/span><\/h1>\r\n                                                                                                <div class=\"links-box clearfix\">\r\n                                                    <div class=\"link\"><a href=\"https:\/\/yousellyouwin.com\/\" class=\"theme-btn btn-style-one\"><span>Z\u0130YARET ET<i class=\"icon fa fa-arrow-right\"><\/i><\/span><\/a><\/div>\r\n                                                <\/div>\r\n                                                                                            <\/div>\r\n                                        <\/div>\r\n                                    <\/div>\r\n                                <\/div>\r\n                            <\/div>\r\n                        <\/div>\r\n                        <!--Slide Item-->\r\n                                                <!--Slide Item-->\r\n                        <div class=\"slide-item\">\r\n                            <div class=\"image-layer\"  style=\"background-image: url(https:\/\/yandu.com.tr\/wp-content\/uploads\/2023\/07\/essseess.png);\"><\/div>\r\n                            <div class=\"auto-container\">\r\n                                <div class=\"content-box\">\r\n                                    <div class=\"content\">\r\n                                        <div class=\"clearfix\">\r\n                                            <div class=\"inner\">\r\n                                                <h4>B2B<\/h4>\r\n                                                <h1><span>SATTIK\u00c7A KAZAN<\/span><\/h1>\r\n                                                                                                <div class=\"links-box clearfix\">\r\n                                                    <div class=\"link\"><a href=\"https:\/\/sattikcakazan.com\/\" class=\"theme-btn btn-style-one\"><span>Z\u0130YARET ET<i class=\"icon fa fa-arrow-right\"><\/i><\/span><\/a><\/div>\r\n                                                <\/div>\r\n                                                                                            <\/div>\r\n                                        <\/div>\r\n                                    <\/div>\r\n                                <\/div>\r\n                            <\/div>\r\n                        <\/div>\r\n                        <!--Slide Item-->\r\n                                                <!--Slide Item-->\r\n                        <div class=\"slide-item\">\r\n                            <div class=\"image-layer\"  style=\"background-image: url(https:\/\/yandu.com.tr\/wp-content\/uploads\/2023\/07\/esssss.png);\"><\/div>\r\n                            <div class=\"auto-container\">\r\n                                <div class=\"content-box\">\r\n                                    <div class=\"content\">\r\n                                        <div class=\"clearfix\">\r\n                                            <div class=\"inner\">\r\n                                                <h4>MAGAZACILIK<\/h4>\r\n                                                <h1><span>ATAKENT LUXURY<\/span><\/h1>\r\n                                                                                                <div class=\"links-box clearfix\">\r\n                                                    <div class=\"link\"><a href=\"http:\/\/atakentluxury.com\/\" class=\"theme-btn btn-style-one\"><span>Z\u0130YARET ET<i class=\"icon fa fa-arrow-right\"><\/i><\/span><\/a><\/div>\r\n                                                <\/div>\r\n                                                                                            <\/div>\r\n                                        <\/div>\r\n                                    <\/div>\r\n                                <\/div>\r\n                            <\/div>\r\n                        <\/div>\r\n                        <!--Slide Item-->\r\n                                                <!--Slide Item-->\r\n                        <div class=\"slide-item\">\r\n                            <div class=\"image-layer\"  style=\"background-image: url(https:\/\/yandu.com.tr\/wp-content\/uploads\/2023\/07\/es.png);\"><\/div>\r\n                            <div class=\"auto-container\">\r\n                                <div class=\"content-box\">\r\n                                    <div class=\"content\">\r\n                                        <div class=\"clearfix\">\r\n                                            <div class=\"inner\">\r\n                                                <h4>JEANS<\/h4>\r\n                                                <h1><span>DENIM SALOPET<\/span><\/h1>\r\n                                                                                                <div class=\"links-box clearfix\">\r\n                                                    <div class=\"link\"><a href=\"http:\/\/denimsalopet.com\/\" class=\"theme-btn btn-style-one\"><span>Z\u0130YARET ET<i class=\"icon fa fa-arrow-right\"><\/i><\/span><\/a><\/div>\r\n                                                <\/div>\r\n                                                                                            <\/div>\r\n                                        <\/div>\r\n                                    <\/div>\r\n                                <\/div>\r\n                            <\/div>\r\n                        <\/div>\r\n                        <!--Slide Item-->\r\n                                                <!--Slide Item-->\r\n                        <div class=\"slide-item\">\r\n                            <div class=\"image-layer\"  style=\"background-image: url(https:\/\/yandu.com.tr\/wp-content\/uploads\/2023\/07\/esssesol.png);\"><\/div>\r\n                            <div class=\"auto-container\">\r\n                                <div class=\"content-box\">\r\n                                    <div class=\"content\">\r\n                                        <div class=\"clearfix\">\r\n                                            <div class=\"inner\">\r\n                                                <h4>YEMEK<\/h4>\r\n                                                <h1><span>SANDWICH BAR<\/span><\/h1>\r\n                                                                                                <div class=\"links-box clearfix\">\r\n                                                    <div class=\"link\"><a href=\"http:\/\/sandwichbar.com.tr\/\" class=\"theme-btn btn-style-one\"><span>Z\u0130YARET ET<i class=\"icon fa fa-arrow-right\"><\/i><\/span><\/a><\/div>\r\n                                                <\/div>\r\n                                                                                            <\/div>\r\n                                        <\/div>\r\n                                    <\/div>\r\n                                <\/div>\r\n                            <\/div>\r\n                        <\/div>\r\n                        <!--Slide Item-->\r\n                                                <!--Slide Item-->\r\n                        <div class=\"slide-item\">\r\n                            <div class=\"image-layer\"  style=\"background-image: url(https:\/\/yandu.com.tr\/wp-content\/uploads\/2023\/09\/edpiu-1.jpg);\"><\/div>\r\n                            <div class=\"auto-container\">\r\n                                <div class=\"content-box\">\r\n                                    <div class=\"content\">\r\n                                        <div class=\"clearfix\">\r\n                                            <div class=\"inner\">\r\n                                                <h4>WEB . SOSYAL . GRAFIK . VIDEO<\/h4>\r\n                                                <h1><span>CREATIVE DESIGN<\/span><\/h1>\r\n                                                                                                <div class=\"links-box clearfix\">\r\n                                                    <div class=\"link\"><a href=\"http:\/\/creativedesign.enzones.com\/\" class=\"theme-btn btn-style-one\"><span>Z\u0130YARET ET<i class=\"icon fa fa-arrow-right\"><\/i><\/span><\/a><\/div>\r\n                                                <\/div>\r\n                                                                                            <\/div>\r\n                                        <\/div>\r\n                                    <\/div>\r\n                                <\/div>\r\n                            <\/div>\r\n                        <\/div>\r\n                        <!--Slide Item-->\r\n                                                   \r\n                    <\/div>\r\n                    <div class=\"pager-content\">\r\n                        <div class=\"pager-box\">\r\n                            <div class=\"pager-three clearfix\">\r\n                                \t\t\t\t\t\t\t\t\t\r\n                                <a href=\"\" class=\"pager-item active\" data-slide-index=\"0\"><div class=\"inner\"><div class=\"image\"><img decoding=\"async\" src=\"https:\/\/yandu.com.tr\/wp-content\/uploads\/2023\/07\/esss.png\" alt=\"Awesome Image\"><\/div><div class=\"count\">01<\/div><div class=\"text\">ENZONES<\/div><\/div><\/a>\r\n                                \t\t\t\t\t\t\t\t\t\r\n                                <a href=\"\" class=\"pager-item \" data-slide-index=\"0\"><div class=\"inner\"><div class=\"image\"><img decoding=\"async\" src=\"https:\/\/yandu.com.tr\/wp-content\/uploads\/2023\/07\/essss.png\" alt=\"Awesome Image\"><\/div><div class=\"count\">02<\/div><div class=\"text\">OLAY YER\u0130NDEY\u0130M<\/div><\/div><\/a>\r\n                                \t\t\t\t\t\t\t\t\t\r\n                                <a href=\"\" class=\"pager-item \" data-slide-index=\"0\"><div class=\"inner\"><div class=\"image\"><img decoding=\"async\" src=\"https:\/\/yandu.com.tr\/wp-content\/uploads\/2023\/07\/essseesssees.png\" alt=\"Awesome Image\"><\/div><div class=\"count\">03<\/div><div class=\"text\">IMONTHESPOT<\/div><\/div><\/a>\r\n                                \t\t\t\t\t\t\t\t\t\r\n                                <a href=\"\" class=\"pager-item \" data-slide-index=\"0\"><div class=\"inner\"><div class=\"image\"><img decoding=\"async\" src=\"https:\/\/yandu.com.tr\/wp-content\/uploads\/2023\/07\/essse.png\" alt=\"Awesome Image\"><\/div><div class=\"count\">04<\/div><div class=\"text\">SEN SAT SEN KAZAN<\/div><\/div><\/a>\r\n                                \t\t\t\t\t\t\t\t\t\r\n                                <a href=\"\" class=\"pager-item \" data-slide-index=\"0\"><div class=\"inner\"><div class=\"image\"><img decoding=\"async\" src=\"https:\/\/yandu.com.tr\/wp-content\/uploads\/2023\/07\/esssees.png\" alt=\"Awesome Image\"><\/div><div class=\"count\">05<\/div><div class=\"text\">YOU SELL YOU WIN<\/div><\/div><\/a>\r\n                                \t\t\t\t\t\t\t\t\t\r\n                                <a href=\"\" class=\"pager-item \" data-slide-index=\"0\"><div class=\"inner\"><div class=\"image\"><img decoding=\"async\" src=\"https:\/\/yandu.com.tr\/wp-content\/uploads\/2023\/07\/essseess.png\" alt=\"Awesome Image\"><\/div><div class=\"count\">06<\/div><div class=\"text\">SATTIK\u00c7A KAZAN<\/div><\/div><\/a>\r\n                                \t\t\t\t\t\t\t\t\t\r\n                                <a href=\"\" class=\"pager-item \" data-slide-index=\"0\"><div class=\"inner\"><div class=\"image\"><img decoding=\"async\" src=\"https:\/\/yandu.com.tr\/wp-content\/uploads\/2023\/07\/esssss.png\" alt=\"Awesome Image\"><\/div><div class=\"count\">07<\/div><div class=\"text\">ATAKENT LUXURY<\/div><\/div><\/a>\r\n                                \t\t\t\t\t\t\t\t\t\r\n                                <a href=\"\" class=\"pager-item \" data-slide-index=\"0\"><div class=\"inner\"><div class=\"image\"><img decoding=\"async\" src=\"https:\/\/yandu.com.tr\/wp-content\/uploads\/2023\/07\/es.png\" alt=\"Awesome Image\"><\/div><div class=\"count\">08<\/div><div class=\"text\">DENIM SALOPET<\/div><\/div><\/a>\r\n                                \t\t\t\t\t\t\t\t\t\r\n                                <a href=\"\" class=\"pager-item \" data-slide-index=\"0\"><div class=\"inner\"><div class=\"image\"><img decoding=\"async\" src=\"https:\/\/yandu.com.tr\/wp-content\/uploads\/2023\/07\/esssesol.png\" alt=\"Awesome Image\"><\/div><div class=\"count\">09<\/div><div class=\"text\">SANDWICH BAR<\/div><\/div><\/a>\r\n                                \t\t\t\t\t\t\t\t\t\r\n                                <a href=\"\" class=\"pager-item \" data-slide-index=\"0\"><div class=\"inner\"><div class=\"image\"><img decoding=\"async\" src=\"https:\/\/yandu.com.tr\/wp-content\/uploads\/2023\/09\/edpiu-1.jpg\" alt=\"Awesome Image\"><\/div><div class=\"count\">10<\/div><div class=\"text\">CREATIVE DESIGN<\/div><\/div><\/a>\r\n                                                            <\/div>\r\n                        <\/div>\r\n                    <\/div>\r\n                <\/div>\r\n            <\/div>\r\n        <\/div>\r\n    <\/section>\r\n    <!--End Banner Section -->\r\n\r\n    \t\t\t\t<\/div>\n\t\t\t\t<\/div>\n\t\t\t\t\t<\/div>\n\t\t<\/div>\n\t\t\t\t\t<\/div>\n\t\t<\/section>\n\t\t\t\t<\/div>\n\t\t","protected":false},"excerpt":{"rendered":"<p>ALI\u015eVER\u0130\u015e ENZONES Z\u0130YARET ET HABER OLAY YER\u0130NDEY\u0130M Z\u0130YARET ET NEWS IMONTHESPOT Z\u0130YARET ET SATICI OL KAZANAN OL SEN SAT SEN KAZAN Z\u0130YARET ET SELL &amp; WIN YOU SELL YOU WIN Z\u0130YARET ET B2B SATTIK\u00c7A KAZAN Z\u0130YARET ET MAGAZACILIK ATAKENT LUXURY Z\u0130YARET ET JEANS DENIM SALOPET Z\u0130YARET ET YEMEK SANDWICH BAR Z\u0130YARET ET WEB . SOSYAL [&hellip;]<\/p>\n","protected":false},"author":1,"featured_media":0,"parent":0,"menu_order":0,"comment_status":"closed","ping_status":"closed","template":"tpl-coming_soon.php","meta":{"footnotes":""},"class_list":["post-34","page","type-page","status-publish","hentry"],"_links":{"self":[{"href":"https:\/\/yandu.com.tr\/index.php\/wp-json\/wp\/v2\/pages\/34","targetHints":{"allow":["GET"]}}],"collection":[{"href":"https:\/\/yandu.com.tr\/index.php\/wp-json\/wp\/v2\/pages"}],"about":[{"href":"https:\/\/yandu.com.tr\/index.php\/wp-json\/wp\/v2\/types\/page"}],"author":[{"embeddable":true,"href":"https:\/\/yandu.com.tr\/index.php\/wp-json\/wp\/v2\/users\/1"}],"replies":[{"embeddable":true,"href":"https:\/\/yandu.com.tr\/index.php\/wp-json\/wp\/v2\/comments?post=34"}],"version-history":[{"count":87,"href":"https:\/\/yandu.com.tr\/index.php\/wp-json\/wp\/v2\/pages\/34\/revisions"}],"predecessor-version":[{"id":1421,"href":"https:\/\/yandu.com.tr\/index.php\/wp-json\/wp\/v2\/pages\/34\/revisions\/1421"}],"wp:attachment":[{"href":"https:\/\/yandu.com.tr\/index.php\/wp-json\/wp\/v2\/media?parent=34"}],"curies":[{"name":"wp","href":"https:\/\/api.w.org\/{rel}","templated":true}]}}